 3*n. Let q be u(-6). Suppose q = 6*m - m. What is the greatest common divisor of 4 and m?
4
Let a(b) = b**2 - 3*b - 14. Let y be a(7). What is the greatest common divisor of 126 and y?
14
Let v be 137 - (4/(-3))/((-2)/6). What is the highest common factor of v and 7?
7
Let j = -130 + 180. Calculate the highest common divisor of 5 and j.
5
Suppose -4*b = -b - 105. What is the highest common factor of 5 and b?
5
Suppose 5*k + 0*k = 350. Suppose 20*q - 25*q = -k. Calculate the highest common factor of 7 and q.
7
Let r = 102 + -99. What is the highest common factor of r and 3?
3
Suppose 0 = a + 2, 2*n + 0*a - 422 = 4*a. Calculate the highest common factor of n and 23.
23
Suppose 0 = 5*u - 3*p - 15, p = 5*u - p - 20. Let l be (-9)/u*(-46)/3. Calculate the greatest common factor of l and 92.
23
Suppose 10*x - 64 = 7*x - 4*i, -2*x = -4*i - 76. Let j(o) = -8 + 0*o**2 - o**2 + 2*o**2 - 4*o. Let t be j(6). Calculate the highest common divisor of x and t.
4
Suppose -1 = h + 2. Let k be (47/(-3) - 3)*h. Calculate the greatest common factor of 8 and k.
8
Let o(r) = 2*r**3 - 4*r + 2. Let j be o(3). What is the highest common divisor of 4 and j?
4
Let d(n) = n**2 - 9. Let q be d(5). Calculate the greatest common factor of 40 and q.
8
Let i(c) = -c**3 - 4*c**2 - 8*c - 2. Let x be i(-3). Let l = 3 - 4. Let y be (l + -1)*-1 + 63. Calculate the greatest common divisor of y and x.
13
Let i = 95 - -3. Calculate the highest common divisor of i and 14.
14
Suppose 4*v + 4 = 12. What is the highest common factor of 3 and v?
1
Let y(q) = -21 - 3*q**2 + 20 - 9*q + q**2 + q**2. Let v be y(-6). What is the greatest common factor of 153 and v?
17
Let h = -33 - -51. What is the greatest common factor of h and 12?
6
Let k be 5/(20/6)*4. Suppose -1 + 21 = 5*s. Let z be s*5*3/4. What is the greatest common divisor of z and k?
3
Let t be (-3)/2*(-224)/21. Calculate the highest common divisor of t and 2.
2
Suppose -19*k - 24 = -23*k. What is the greatest common factor of 150 and k?
6
Let k be (-154)/4*((-40)/(-35))/(-2). Calculate the greatest common factor of k and 198.
22
Let l be (4/5)/(20/650). What is the greatest common divisor of 130 and l?
26
Suppose 5 = 4*b - 19. Let i = -4 + b. Let r be 3/(-9)*(-19 - i). What is the greatest common factor of r and 49?
7
Let b(f) = -f + 7. Let r be b(3). Suppose -5*j + r*j = -2*z - 19, -4*j = 5*z - 24. What is the highest common divisor of j and 11?
11
Suppose -7*w + 2*w = 0. Suppose w = -3*n + 135 + 162. What is the greatest common factor of 9 and n?
9
Let t(q) = 2*q - 8. Let o(f) = -f + 3. Let w(g) = -7*o(g) - 2*t(g). Let l = 29 - 22. Let b be w(l). What is the greatest common divisor of 48 and b?
16
Suppose -3*t + 6 = -0*t. Suppose -4*d - 2*g = d - 670, -2*g + 262 = t*d. What is the greatest common factor of d and 17?
17
Suppose 2*l - 3*l + 11 = 0. What is the highest common factor of 1 and l?
1
Suppose 8*z = 6*z - 4. Let x be 148/12 + z/6. What is the greatest common divisor of x and 4?
4
Suppose 4*g - 18 = g. Let p = -43 + 60. Let d = -11 + p. Calculate the highest common factor of g and d.
6
Let m(i) = -1 - 2 - 3 + 2*i**2 - 7*i. Let c be m(-4). Suppose u + 2*y = 4*y + c, 4*u - 5*y = 225. Calculate the greatest common divisor of 15 and u.
15
Let c be 0 - ((-4)/4 - 11). Calculate the greatest common factor of 132 and c.
12
Suppose 4*g + 3*l - 6 = 1, 0 = -g + l. Suppose -5*j - 5*d + 21 = -14, 3*j - 2*d = g. Let h be (-6)/4*(-10)/j. Calculate the highest common divisor of 15 and h.
5
Suppose 4*v + 6 = 3*v. Let y = 5 - v. Calculate the highest common factor of 121 and y.
11
Let y(c) be the third derivative of -c**6/120 + c**5/10 - c**4/6 - 2*c**3/3 + 2*c**2. Let m be y(4). Calculate the greatest common factor of 24 and m.
12
Let o(n) be the first derivative of -n**4/4 - 10*n**3/3 + 9*n**2/2 - 12*n - 7. Let h be o(-11). What is the highest common divisor of 10 and h?
10
Let x(j) = -j**2 + 15*j + 1. Let s be x(13). Let a = 117 - s. Let v = -14 - -24. Calculate the highest common factor of v and a.
10
Suppose o = -x + 23, -x - 7 = -2*o + 33. Calculate the greatest common factor of 21 and o.
21
Let v be (-2 + 0)/((24/(-44))/3). Calculate the greatest common factor of 22 and v.
11
Let b be (40/(-5))/(-1) - -1. Calculate the highest common factor of 117 and b.
9
Suppose 12*n - 2640 = -10*n. What is the highest common factor of 48 and n?
24
Let u(l) = -l**2 + 5*l - 4. Let b = -8 - -11. Suppose 4*z - b - 9 = 0. Let n be u(z). Calculate the highest common divisor of n and 6.
2
Let a = 758 + -423. Suppose -a = -5*u + 510. Let i = u + -121. Calculate the highest common factor of 12 and i.
12
Suppose 6*h - 356 = 2*h. Suppose 0 = -r - 5*k + h, 5*k - 37 = -3*r + 180. Calculate the highest common divisor of 16 and r.
16
Let c be 12 + 0 - (-1 - -1). Calculate the greatest common divisor of c and 3.
3
Let m = -10 - -15. Suppose m*t - 8*t = -60. Calculate the greatest common divisor of t and 4.
4
Let z(i) = -i**3 - 12*i**2 - 15*i + 4. Let s be z(-11). Suppose 0 = -v + 4*v - 45. Let c be 1*v + 0 + -3. What is the highest common divisor of s and c?
12
Suppose 2*w + 120 = 6*w. Calculate the highest common divisor of w and 10.
10
Suppose -3*z + 2*z = 5, -3*l - 5*z = -218. Calculate the greatest common factor of 9 and l.
9
Let j(b) = 4*b**2 - 2. Let a be j(-2). Calculate the greatest common factor of 154 and a.
14
Let o = 9 + -6. Suppose -5*w + w - 132 = 0. Let s be w/2*(-4)/o. What is the greatest common factor of s and 110?
22
Suppose 26 = g + 4. Let a = -9 - -12. Suppose -137 = -4*w - 5*n, -97 = -a*w - n + 3*n. What is the greatest common factor of g and w?
11
Let g = -9 + 121. Calculate the greatest common factor of g and 7.
7
Let b be (-6)/9*3 - 43. Let k be (b/6 - -2)*-2. Calculate the highest common factor of 44 and k.
11
Suppose -2*r - 81 = -4*t - 5, -82 = -5*t - 4*r. What is the greatest common factor of 12 and t?
6
Suppose -2*m - 45 = -225. Let c be 1/(m/44 + -2). What is the greatest common divisor of c and 2?
2
Suppose -x - 2*x + 261 = 2*j, 4*x - 390 = -3*j. What is the highest common factor of 42 and j?
42
Let o be 0 + 0 + (-1 - -330). Suppose 4*u + 5*l = -o, -3*u - 2*l + 178 = -5*u. Let a = 126 + u. Calculate the greatest common factor of a and 10.
10
Suppose r - 288 = -7*r. What is the highest common factor of 18 and r?
18
Suppose 505 = 5*k - 5*f, -5*k + 425 = -k + 3*f. Suppose -r + 26 = r. Calculate the highest common factor of r and k.
13
Let k be (76/(-6))/((-4)/42). What is the highest common factor of 19 and k?
19
Let f be (-2)/8 - (-292)/16. Let u = -2 + 18. Let w = u + -10. Calculate the greatest common factor of w and f.
6
Let o(l) = -l**3 + 2*l - 2. Let v be o(-4). Let j be v/(-1 - -4) - 3. What is the greatest common factor of 6 and j?
3
Let f(h) = h**3 + 6*h**2 + 5. Let y be f(-6). Let c be (12/(-15))/((-2)/y). What is the greatest common divisor of c and 1?
1
Let c(a) = -a + 21. Let n be c(12). Let x = 57 + n. Calculate the highest common factor of 6 and x.
6
Let j(w) = -w + 8. Let x be j(6). Let n(b) = 13*b - 1. Let r be n(x). What is the highest common factor of r and 200?
25
Let m be 114/12 - 9/(-6). Let o = 1 + m. Suppose -2*i = -8, -i + 207 = 4*y + 11. What is the greatest common divisor of y and o?
12
Let h(w) = w**3 + 7*w**2 + 7*w - 3. Let j be h(-6). Let f be 18*(12/j + 2). Let k = f + -5. What is the greatest common factor of 28 and k?
7
Suppose 0 = 4*d - 4*g - 124, -d + 11 = -g - 4*g. Suppose 3*v - 2*l - 27 = 10, -4*l - 20 = 0. Calculate the greatest common factor of v and d.
9
Suppose 0 = 2*m - 3*m - 4*h + 2, -2*m + 26 = -3*h. Suppose 4*f + 6*d - d = 50, -8 = -f + d. What is the greatest common factor of f and m?
10
Let r = 40 + -15. Suppose 4*q - r = -3*g + 4, 0 = g + 1. Calculate the highest common divisor of 8 and q.
8
Suppose -21 - 27 = 3*l. Let f = l - -19. What is the highest common factor of 3 and f?
3
Let o = 6 + 5. Let f = -6 + o. Suppose -1 = -b + 1. Calculate the highest common factor of b and f.
1
Let o(i) = 6*i + 15. Let f be o(2). Suppose -v - v = -108. What is the highest common factor of f and v?
27
Suppose 0 = -g - k + 5, 2*g = k + 10 + 9. Let j be 82/g - (-4)/(-16). Let t = -54 - -114. Calculate the highest common divisor of t and j.
10
Suppose 4*r - 70 = -3*f, -3*f - 12 + 74 = -4*r. Calculate the